{"id":26,"date":"2025-12-09T16:16:44","date_gmt":"2025-12-09T16:16:44","guid":{"rendered":"https:\/\/afkgroup.dk\/?page_id=26"},"modified":"2025-12-10T21:48:26","modified_gmt":"2025-12-10T21:48:26","slug":"contact-2","status":"publish","type":"page","link":"https:\/\/afkgroup.dk\/index.php\/contact-2\/","title":{"rendered":"Kontakt os"},"content":{"rendered":"\n<div class=\"wp-block-group has-global-padding is-layout-constrained wp-block-group-is-layout-constrained\">\n<div class=\"wp-block-columns are-vertically-aligned-top is-layout-flex wp-container-core-columns-is-layout-d7d455e7 wp-block-columns-is-layout-flex\" style=\"padding-top:0;padding-right:0;padding-bottom:0;padding-left:0\">\n<div class=\"wp-block-column is-vertically-aligned-top is-layout-flow wp-block-column-is-layout-flow\" style=\"padding-right:7%;flex-basis:100%\">\n<h2 class=\"wp-block-heading has-large-font-size\">Klar til at styrke jeres mobile beredskab?<\/h2>\n\n\n\n<p>AFK Group leverer hjertestartere til kommuner med s\u00e6rligt fokus p\u00e5 hjemmeplejens biler. Vi hj\u00e6lper jer hele vejen fra behovsafd\u00e6kning til levering, montering og drift \u2013 s\u00e5 udstyret er synligt, tilg\u00e6ngeligt og klar til brug, n\u00e5r sekunder t\u00e6ller.<\/p>\n\n\n\n<p>Kontakt os for et uforpligtende tilbud. Vi kan hurtigt estimere antal enheder, foresl\u00e5 ensartet placering i fl\u00e5den og sammens\u00e6tte en service- og udskiftningsplan, der passer til jeres interne processer.<\/p>\n<\/div>\n<\/div>\n<\/div>\n\n\n\n<div class=\"wp-block-group alignfull has-global-padding is-layout-constrained wp-container-core-group-is-layout-19e250f3 wp-block-group-is-layout-constrained\">\n<div class=\"wp-block-columns alignfull are-vertically-aligned-center has-light-background-background-color has-background is-layout-flex wp-container-core-columns-is-layout-dd282781 wp-block-columns-is-layout-flex\" style=\"padding-top:0;padding-right:0;padding-bottom:0;padding-left:0\">\n<div class=\"wp-block-column is-vertically-aligned-center map-grayscale is-layout-flow wp-block-column-is-layout-flow\" style=\"flex-basis:50%\">\n<figure class=\"wp-block-image size-large\"><img loading=\"lazy\" decoding=\"async\" width=\"1024\" height=\"791\" src=\"https:\/\/afkgroup.dk\/wp-content\/uploads\/2025\/12\/Screenshot-2025-12-10-at-22.14.30-1024x791.png\" alt=\"\" class=\"wp-image-125\" srcset=\"https:\/\/afkgroup.dk\/wp-content\/uploads\/2025\/12\/Screenshot-2025-12-10-at-22.14.30-1024x791.png 1024w, https:\/\/afkgroup.dk\/wp-content\/uploads\/2025\/12\/Screenshot-2025-12-10-at-22.14.30-300x232.png 300w, https:\/\/afkgroup.dk\/wp-content\/uploads\/2025\/12\/Screenshot-2025-12-10-at-22.14.30.png 1520w\" sizes=\"auto, (max-width: 1024px) 100vw, 1024px\" \/><\/figure>\n<\/div>\n\n\n\n<div class=\"wp-block-column is-vertically-aligned-center is-layout-flow wp-block-column-is-layout-flow\" style=\"padding-top:var(--wp--preset--spacing--small);padding-right:var(--wp--preset--spacing--small);padding-bottom:var(--wp--preset--spacing--small);padding-left:2%;flex-basis:50%\">\n<h3 class=\"wp-block-heading has-large-font-size\">AFK Group ApS<\/h3>\n\n\n\n<p><\/p>\n\n\n\n<h3 class=\"wp-block-heading\"><strong>Address<\/strong><\/h3>\n\n\n\n<p>Litauen Alle 13, 2630 Taastrup<\/p>\n\n\n\n<h3 class=\"wp-block-heading\"><strong>Email<\/strong><\/h3>\n\n\n\n<p>Info@afkgroup.dk<\/p>\n\n\n\n<h3 class=\"wp-block-heading\"><strong>Phone<\/strong><\/h3>\n\n\n\n<p>+45 60 29 47 41<\/p>\n<\/div>\n<\/div>\n<\/div>\n\n\n\n<div class=\"wp-block-group is-layout-flow wp-block-group-is-layout-flow\"><\/div>\n\n\n\n<div class=\"wp-block-group has-global-padding is-layout-constrained wp-block-group-is-layout-constrained\">\n<div class=\"wp-block-columns are-vertically-aligned-center is-layout-flex wp-container-core-columns-is-layout-4ed999c3 wp-block-columns-is-layout-flex\" style=\"padding-top:var(--wp--preset--spacing--60);padding-bottom:var(--wp--preset--spacing--60);padding-left:0\">\n<div class=\"wp-block-column is-vertically-aligned-center has-global-padding is-content-justification-left is-layout-constrained wp-container-core-column-is-layout-12dd3699 wp-block-column-is-layout-constrained\" style=\"flex-basis:66.66%\">\n<h2 class=\"wp-block-heading\"><strong>Kunne du t\u00e6nke dig at joine vores team?<\/strong><\/h2>\n\n\n\n<p><strong>Tjek vores \u00e5bne stillinger, eller send os en uopfordret ans\u00f8gning.<\/strong><\/p>\n<\/div>\n\n\n\n<div class=\"wp-block-column is-vertically-aligned-center is-layout-flow wp-block-column-is-layout-flow\" style=\"flex-basis:33.33%\">\n<div class=\"wp-block-buttons is-content-justification-right is-layout-flex wp-container-core-buttons-is-layout-d445cf74 wp-block-buttons-is-layout-flex\">\n<div class=\"wp-block-button is-style-fill\"><a class=\"wp-block-button__link has-custom-font-size wp-element-button\" style=\"border-radius:0px;font-size:14px;font-style:normal;font-weight:600;letter-spacing:1px;text-transform:uppercase\">SE LEDIG STILLINGER<\/a><\/div>\n<\/div>\n<\/div>\n<\/div>\n<\/div>\n\n\n\n<p><\/p>\n","protected":false},"excerpt":{"rendered":"<p>Klar til at styrke jeres mobile beredskab? AFK Group leverer hjertestartere til kommuner med s\u00e6rligt fokus p\u00e5 hjemmeplejens biler. Vi hj\u00e6lper jer hele vejen fra behovsafd\u00e6kning til levering, montering og drift \u2013 s\u00e5 udstyret er synligt, tilg\u00e6ngeligt og klar til brug, n\u00e5r sekunder t\u00e6ller. Kontakt os for et uforpligtende tilbud. Vi kan hurtigt estimere antal &hellip; <\/p>\n<p class=\"link-more\"><a href=\"https:\/\/afkgroup.dk\/index.php\/contact-2\/\" class=\"more-link\">L\u00e6s mere<span class=\"screen-reader-text\"> \u201cKontakt os\u201d<\/span><\/a><\/p>\n","protected":false},"author":1,"featured_media":131,"parent":0,"menu_order":0,"comment_status":"closed","ping_status":"closed","template":"","meta":{"footnotes":""},"class_list":["post-26","page","type-page","status-publish","has-post-thumbnail","hentry"],"_links":{"self":[{"href":"https:\/\/afkgroup.dk\/index.php\/wp-json\/wp\/v2\/pages\/26","targetHints":{"allow":["GET"]}}],"collection":[{"href":"https:\/\/afkgroup.dk\/index.php\/wp-json\/wp\/v2\/pages"}],"about":[{"href":"https:\/\/afkgroup.dk\/index.php\/wp-json\/wp\/v2\/types\/page"}],"author":[{"embeddable":true,"href":"https:\/\/afkgroup.dk\/index.php\/wp-json\/wp\/v2\/users\/1"}],"replies":[{"embeddable":true,"href":"https:\/\/afkgroup.dk\/index.php\/wp-json\/wp\/v2\/comments?post=26"}],"version-history":[{"count":8,"href":"https:\/\/afkgroup.dk\/index.php\/wp-json\/wp\/v2\/pages\/26\/revisions"}],"predecessor-version":[{"id":135,"href":"https:\/\/afkgroup.dk\/index.php\/wp-json\/wp\/v2\/pages\/26\/revisions\/135"}],"wp:featuredmedia":[{"embeddable":true,"href":"https:\/\/afkgroup.dk\/index.php\/wp-json\/wp\/v2\/media\/131"}],"wp:attachment":[{"href":"https:\/\/afkgroup.dk\/index.php\/wp-json\/wp\/v2\/media?parent=26"}],"curies":[{"name":"wp","href":"https:\/\/api.w.org\/{rel}","templated":true}]}}